= -3889*o + 15127. What is a(4)?
-429
Let g(z) = 7740*z + 526355. Determine g(-68).
35
Let i(u) = 8*u**3 - 1392*u**2 + 4*u + 188. Determine i(174).
884
Let i(p) = 64045*p + 23056212. Determine i(-360).
12
Let k(f) = 3195*f + 32474. Calculate k(-10).
524
Let w(m) = 36098*m - 1010846. Give w(28).
-102
Let h(c) = -c**3 - 154*c**2 + 3472*c + 161. Calculate h(20).
1
Let m(f) = -f**2 - 297*f - 20068. Determine m(-104).
4
Let d(s) = s**2 - 4126*s + 28868. Give d(7).
35
Let s(n) = 199*n - 27. What is s(1)?
172
Let t(f) = -3923*f - 66486. Calculate t(-17).
205
Let m(w) = -36*w**2 - 509*w - 590. Give m(-13).
-57
Let m(l) = -136*l + 7585. Determine m(57).
-167
Let n(f) = 341*f**3 + 7498*f**2 - 34*f + 1192. Calculate n(-22).
4
Let n(x) = 3*x**3 - 59*x**2 - 283*x - 440. Calculate n(24).
256
Let k(z) = -23*z**2 - 10226*z + 4017. Determine k(-445).
12
Let v(o) = -22*o - 2044. What is v(-55)?
-834
Let j(g) = -257*g + 39534. Determine j(154).
-44
Let u(m) = -27*m**2 + 826*m - 11. Calculate u(32).
-1227
Let n(g) = -24742*g + 74704. Determine n(3).
478
Let i(j) = -32*j**2 - 10528*j - 31294. What is i(-326)?
2
Let p(m) = -2*m**3 - 41*m**2 + 309*m - 820. What is p(-26)?
-1418
Let p(b) = -3*b**2 - 70*b - 259. Calculate p(-5).
16
Let m(q) = 191*q**2 + 67055*q + 4909. Give m(-351).
-5
Let x(g) = 2*g**3 - 2*g**2 - 24*g - 20. Give x(4).
-20
Let c(x) = -7242*x - 93647. Determine c(-13).
499
Let l(o) = 852*o**2 - 11986*o + 10. Determine l(14).
-802
Let d(u) = -11298*u + 835937. Calculate d(74).
-115
Let v(n) = 37368*n + 261583. Calculate v(-7).
7
Let f(r) = -r**3 - 112*r**2 + 9861*r - 57. What is f(58)?
1
Let s(j) = 183477*j + 1651298. What is s(-9)?
5
Let y(g) = -1080*g + 103704. Calculate y(96).
24
Let g(i) = 291*i + 5903. Give g(-23).
-790
Let n(g) = g**3 - 8*g**2 - 374*g + 1760. Determine n(5).
-185
Let n(h) = 6186*h + 92787. What is n(-15)?
-3
Let n(a) = -1448*a**2 - 28963*a - 65. Calculate n(-20).
-5
Let u(b) = -b**3 + 5*b**2 - 42*b - 179. Calculate u(-5).
281
Let p(y) = -121298*y - 121530. What is p(-1)?
-232
Let q(v) = 203*v**2 - 4456*v + 4060. Calculate q(21).
7
Let r(k) = 44398*k - 28503521. Determine r(642).
-5
Let x(a) = -6*a**2 + 717*a - 21163. Give x(53).
-16
Let t(q) = -4*q**3 - 934*q**2 - 435*q + 6959. Determine t(-233).
-264
Let x(l) = 62*l**2 + 52*l + 15. Give x(2).
367
Let p(v) = -115*v**2 - 4834*v - 603. What is p(-42)?
-435
Let y(j) = -j**3 - 159*j**2 + 241*j + 150. Calculate y(2).
-12
Let p(y) = -21*y**3 - 8*y**2 - 9*y + 29. Give p(-6).
4331
Let f(c) = 4247*c + 109756. Give f(-26).
-666
Let w(r) = -3*r**3 + 15*r**2 - 47*r + 75. Calculate w(2).
17
Let v(j) = j**3 + 29*j**2 - 153*j + 11. Calculate v(9).
1712
Let j(l) = 375*l + 125246. Give j(-334).
-4
Let w(p) = -4*p**2 + 3146*p + 12542. Calculate w(-4).
-106
Let y(g) = g**3 - 395*g**2 + 3476*g - 790. Calculate y(386).
-18
Let d(z) = -1267*z - 59430. Calculate d(-47).
119
Let b(j) = -4*j**2 + 3886*j - 268950. Give b(75).
0
Let s(v) = 55346*v + 498158. Give s(-9).
44
Let t(m) = 36*m**3 + 2662*m**2 + 180*m + 24247. Give t(-74).
-25
Let d(x) = 4933*x + 54006. What is d(-11)?
-257
Let m(i) = -25632*i - 13021081. Calculate m(-508).
-25
Let p(r) = 29815*r - 1490794. Determine p(50).
-44
Let g(b) = -12*b**2 + 258*b - 1045. Give g(4).
-205
Let j(t) = 6*t**3 + 21*t**2 - 42*t - 252. Determine j(-7).
-987
Let y(d) = -79*d - 4720. What is y(-55)?
-375
Let u(v) = -v**2 + 59*v + 2100. Give u(-30).
-570
Let t(i) = -2*i**3 - 64*i**2 + 136*i + 58. Give t(-34).
58
Let x(p) = 13*p**2 + 5750*p + 416624. What is x(-351)?
-13
Let j(c) = 2*c**2 - 2323*c + 16145. What is j(7)?
-18
Let b(l) = -14*l**2 - 4111*l - 18900. Give b(-289).
-115
Let q(v) = v**2 + 2324*v - 4647. Determine q(2).
5
Let i(p) = 17338*p + 4924004. Determine i(-284).
12
Let g(f) = -1538*f + 490624. Determine g(319).
2
Let j(g) = -2*g**3 + 121*g**2 - 491*g + 1. What is j(4)?
-155
Let g(y) = y**3 + 172*y**2 - 2033*y + 144368. Calculate g(-187).
4
Let o(h) = -369*h - 2606. Give o(-7).
-23
Let i(f) = 102*f + 6320. What is i(-71)?
-922
Let f(h) = -h**3 + 38*h**2 - 201*h + 9366. Give f(39).
6
Let s(u) = 2*u**3 - 22*u**2 + 367*u - 3191. Give s(11).
846
Let p(a) = -4*a**2 - 326*a + 2614. Determine p(-89).
-56
Let h(p) = -p**2 + 65*p + 41353. Give h(239).
-233
Let q(d) = -75753*d - 2954384. Calculate q(-39).
-17
Let n(h) = -16415*h + 146981. What is n(9)?
-754
Let i(o) = 402*o + 3125. Determine i(-5).
1115
Let v(f) = 3*f**2 - 459*f + 1345. Calculate v(150).
-5
Let y(v) = -v**3 - 3*v**2 + 752*v - 85. Determine y(-29).
-27
Let o(b) = -2*b**3 + 52*b**2 - 115*b + 15. Determine o(23).
544
Let x(r) = -2060*r + 4503. Calculate x(2).
383
Let x(k) = -46*k**3 - 2*k**2 + k + 932. Calculate x(0).
932
Let j(d) = -6*d + 510. What is j(-55)?
840
Let a(m) = -541*m**2 - 20555*m + 122. Give a(-38).
8
Let n(z) = -99*z**2 - 1221*z + 2302. Give n(-14).
-8
Let s(g) = 3*g**2 + 24289*g + 242582. What is s(-10)?
-8
Let u(n) = -12515*n + 12512. What is u(1)?
-3
Let s(a) = -999*a - 40967. Calculate s(-41).
-8
Let o(d) = 758*d - 89520. Give o(117).
-834
Let r(j) = -278*j - 9012. Calculate r(-38).
1552
Let n(v) = -614*v**2 - 6221*v - 16. What is n(-10)?
794
Let l(q) = -119*q**2 + 24531*q - 3530. What is l(206)?
-28
Let z(f) = -209*f**2 - 246*f + 278. Determine z(-2).
-66
Let t(y) = -3*y**2 - 1514*y + 107275. Give t(63).
-14
Let j(t) = -3*t**3 + 904*t**2 - 283*t - 2722. Calculate j(301).
2696
Let p(t) = -11*t**2 - 3320*t - 235. What is p(-301)?
2474
Let s(t) = 69*t**2 + 19*t - 885. Calculate s(-4).
143
Let q(x) = 280*x + 7055. Give q(-26).
-225
Let p(t) = -t**3 - 4194*t - 33671. What is p(-8)?
393
Let n(g) = 3*g**2 - 1017*g - 61016. Calculate n(391).
-20
Let f(z) = -10*z**2 + 548*z + 7328. Give f(-13).
-1486
Let l(b) = -b**2 - 160*b + 13753. Calculate l(65).
-872
Let l(t) = -45*t - 3898. Give l(-94).
332
Let b(m) = m**3 - 254*m**2 - 14871*m - 1118. Determine b(-49).
58
Let x(b) = -2*b**3 + 568*b**2 - 3342*b + 1522. Determine x(278).
-146
Let k(u) = 12*u**2 - 248*u + 85. Calculate k(15).
-935
Let t(h) = 6*h**2 + 140*h + 378. What is t(-22)?
202
Let n(y) = 1162*y - 246346. Determine n(212).
-2
Let m(u) = 343*u + 37176. Calculate m(-107).
475
Let o(d) = -102*d**2 + 1256*d - 168. Give o(12).
216
Let r(h) = -14933*h**2 + 59733*h - 9. Determine r(4).
-5
Let w(d) = -16*d**2 + 74*d + 223. Give w(-3).
-143
Let s(g) = 3*g**3 - 9*g**2 - 3304*g + 9909. Calculate s(3).
-3
Let o(d) = -1801*d + 7310. What is o(4)?
106
Let s(g) = -2*g**3 - 11*g**2 - 16*g - 2. What is s(-7)?
257
Let v(b) = -1654*b + 570630. Calculate v(345).
0
Let y(p) = -p**3 + 83*p**2 + 244*p - 13710. Give y(84).
-270
Let j(x) = 221020*x + 2210207. Give j(-10).
7
Let q(c) = 337661*c - 5064912. What is q(15)?
3
Let r(y) = -5972*y - 1325791. What is r(-222)?
-7
Let o(z) = 6*z**3 - 44*z**2 - 90*z + 604. Calculate o(6).
-224
Let p(k) = 3522*k - 2035707. What is p(578)?
9
Let o(y) = -27*y**2 - 270*y - 1941. Calculate o(-8).
-1509
Let r(d) = d**3 - 25*d**2 + 199*d - 8006. Give r(28).
-82
Let t(f) = 124254*f - 745523. Calculate t(6).
1
Let o(h) = -23*h**2 - 408*h - 218. Give o(-17).
71
Let t(m) = -11480*m + 149246. Determine t(13).
6
Let u(b) = -12*b**3 - 517*b**2 - 95*b - 2270. What is u(-43)?
-34
Let n(m) = 1001939*m - 18034907. Calculate n(18).
-5
Let t(b) = -7*b**2 - 12603*b + 25218. Give t(2).
-16
Let t(f) = 42*f**2 - 117*f - 7. Calculate t(1).
-82
Let c(d) = -103959*d - 19232416. What is c(-185)?
-1
Let n(f) = f**2 + 251*f - 26802. Give n(88).
3030
Let f(b) = -77*b**2 + 4138*b - 32971. Calculate f(8).
-4795
Let d(s) = 194*s - 21333. Calculate d(112).
395
Let p(z) = 82*z**2 + 614*z + 8. Give p(-9).
1124
Let t(x) = -x**2 + 824*x - 163599. Calculate t(334).
61
Let b(v) = 19*v**2 + 2414*v + 16139. Give b(-120).
59
Let b(r) = 2*r**2 - 275*r - 281683. What is b(450)?
-433
Let m(a) = -93*a**3 + 528*a**2 + 180*a - 8. Determine m(6).
-8
Let j(i) = -24*i**3 + 2328*i**2 + 2*i - 128. Give j(97).
66
Let b(h) = -2*h**3 - 44799*h**2 - 358262*h + 20. Determine b(-8).
4
Let s(a) = 21*a**2 + 3686*a + 1934. Calculate s(-175).
9
Let z(g) = -374*g**2 + 2578*g + 77. Determine z(7).
-203
Let q(b) = b**3 - 3846*b**2 + 2624632*b + 903. Calculate q(887).
16
Let h(d) = 401*d + 208702. Give h(-520).
182
Let i(m) = -6*m**2 + 672*m + 5796. Determine i(120).
36
Let j(n)